t c(l) = 4*l**3 + 27*l**2 + 18*l + 22. Let h(i) = 7*b(i) + 5*c(i). Is h(7) a prime number?
False
Suppose 0 = 4*g - 2 - 2. Let l(m) = -m**3 - m**2 - m + 14. Let s be l(0). Is (0 + s - g) + 0 composite?
False
Let j(l) = -l**2 + 8*l - 2. Let n be j(6). Is (-933)/(-5) + 4/n a prime number?
False
Let j = -120 + 277. Is j prime?
True
Suppose 3*y = 5*x + 8*y - 1680, 5*x - 1670 = 5*y. Suppose 5*r - r - x = -5*o, 0 = 4*o - 2*r - 268. Is 8/4 + 1*o prime?
False
Let w = 175 - -347. Suppose -2*t - m = -w, 4*t - 3*m - 1032 = -8*m. Is t composite?
False
Let a(q) = -3 - 1 + 0 - 320*q. Let b be a(5). Is b/(-10) - (-3)/5 composite?
True
Suppose -2*a - 3*a + 465 = 0. Is a a composite number?
True
Let f = 94 + -329. Let m = 132 - f. Is m a prime number?
True
Suppose -2*q + 9 = -1. Is (19 - 0)/(q/55) a prime number?
False
Suppose -12*k + 10*k = -52. Let c = 32 + k. Is c composite?
True
Let y(r) = 9*r**2 + 3*r + 3*r - 2*r**3 + 2 + 0*r - 11*r**2. Is y(-4) composite?
True
Let a be (-16)/(-28)*21/6. Suppose 4*i - 230 = a*i. Is i prime?
False
Suppose 2*r = -2*y + 16, -y + 3 - 13 = -5*r. Suppose r*a - 316 = -a. Is a composite?
False
Let f = 719 - 402. Is f composite?
False
Let i = 24 - 8. Is (-204 + i)/(2/(-1)) a prime number?
False
Let y be (0*(-2)/(-4))/(-2). Suppose -5*l + 3*l + 130 = y. Is l a composite number?
True
Let m(p) = p - 3. Let l be m(6). Is -2*((-2022)/4)/l a composite number?
False
Suppose -7190 = -28*j + 23*j. Is j prime?
False
Let a = -14 - -54. Is a + -2 + 0 + 1 prime?
False
Let u(d) = d**3 - 3*d**2 + 3. Let r = -3 + 6. Let y be u(r). Suppose -y*p + 4*c = -86, -p + 0*p = 5*c - 54. Is p composite?
True
Suppose 5*f - 92 = 3*f. Is f a composite number?
True
Suppose 0 = -4*o + 5*o - 182. Suppose -o = -2*v - 0*v. Suppose 5*t = 4*y + 587, t - v - 36 = 4*y. Is t a composite number?
True
Let z = 404 - -1131. Let b = z + -670. Is b a composite number?
True
Let p = -292 + 651. Suppose 5*i = 4*l + 455, -5*i + l + 96 = -p. Is i a prime number?
False
Suppose -4 = -4*d - w - 0*w, d + 3*w - 1 = 0. Let v be d + 0 - (-3 + 7). Is v/(-3) - (1 - 77) a prime number?
False
Let s = 30 + 33. Suppose -5*v + s = 3*q, -2*v + 10 = -q + 31. Is q composite?
True
Let w = -1676 - -2813. Suppose -a - 5*n + 380 = 0, 3*a - 36 = -4*n + w. Is a composite?
True
Suppose 2*i + 3*i - 1620 = 5*b, -4*i - 8 = 0. Is 4/6 + b/(-6) a prime number?
False
Is (35553/14)/(12/8) a prime number?
True
Let o(z) = 37*z + 12. Is o(11) composite?
False
Suppose -242 + 1032 = 5*t. Is t prime?
False
Let q = -3151 + 6090. Is q a composite number?
False
Let i(p) = 31*p + 3. Is i(4) composite?
False
Suppose 2*x - 4094 = -900. Is x composite?
False
Let c(s) = -s**3 + 3*s**2 + 3*s + 2. Let x be c(4). Is (5/(-2))/(x/28) composite?
True
Suppose -7*g + 12*g = -4140. Let s be (62/(-8))/(9/g). Suppose -5*q + 602 = -s. Is q prime?
True
Let h = -11 + 10. Is h/(-4) + 4982/8 prime?
False
Let r(o) = 10*o - 1. Let s be 1 + (-1 - 0) + 2. Is r(s) composite?
False
Let q(v) = -1 + 0 + 4 - 2 + 4*v - v**2. Let i be q(4). Is i - ((-1 - 2) + 1) a prime number?
True
Suppose -2*x = -a + 153, x = 5*a + 6*x - 810. Is a a composite number?
True
Let y = -768 + 1399. Is y composite?
False
Suppose -2*o + 6*o - 796 = 0. Is o prime?
True
Let p = 1570 + -893. Is p composite?
False
Suppose -5*g - 4*f + 12 = 0, -2*g - 3*f + 16 = -7*f. Let b(o) = 71*o + 1. Let j be b(g). Let r = j + -202. Is r a prime number?
True
Let d = -45 - -92. Is d a prime number?
True
Let f = -2 + 6. Let w(q) = 3*q - 1 - 3*q - q - f*q. Is w(-4) prime?
True
Let o = 1 + 1. Suppose 0 = -o*j - j + 21. Is j prime?
True
Suppose 3*v = 2*s + 222 + 75, 4*v - 385 = -s. Is v composite?
False
Let i be 2 - (-1 + (3 - 2)). Suppose 415 = i*f + 3*f. Is f prime?
True
Let w(n) = 13*n + 5. Is w(6) a prime number?
True
Let h(u) = 3*u**2 + u + 5. Let f be h(-6). Let q = f - 52. Is q a composite number?
True
Suppose -m + 5 = -0*m. Let c(h) = -12*h + m - 5*h - 5*h. Is c(-4) prime?
False
Suppose 0 = -5*i - 5*t - 1145, 2*t + t + 1141 = -5*i. Let o = i - -430. Let v = o - 76. Is v a prime number?
True
Let p be -5 + 0 + (3 - 1). Is p/12 - (-6639)/12 prime?
False
Is ((-46)/8 - -4)*-76 a prime number?
False
Let r(q) = 5*q**3 - 6*q**2 - 5*q. Let n be r(5). Let s = -239 + n. Is s composite?
False
Suppose -4*p - m - 1171 = 0, 1162 = -4*p - 2*m + 4*m. Let a = -197 - p. Is a composite?
True
Let s = -18 - -38. Let i(r) = -r**3 - 4*r**2 + r + 1. Let o be i(-6). Let h = o - s. Is h a prime number?
True
Let a be -2 - (0 + -4 - 0). Suppose -a*q - 2*q + 22 = 2*m, q - 28 = -5*m. Suppose -q*u - 158 = -5*u. Is u prime?
True
Let v = -710 - -1105. Suppose 9*o - v = 4*o. Is o composite?
False
Is 34 - 7/(28/12) composite?
False
Let h be (-2)/(-10) - 78/(-10). Is (10/4)/(h/112) prime?
False
Let m = 8 + -25. Let d(j) = j**3 - 8*j**2 - 4*j - 6. Let k be d(8). Let p = m - k. Is p a composite number?
True
Suppose n = -6*n + 70. Is n composite?
True
Let a be (-56)/(-6)*(-66)/(-4). Suppose -5*w + 21 = -a. Is w prime?
False
Is (-7)/(2/(-58) - 0) a composite number?
True
Let q(h) = -h**3 + 10*h**2 - 9*h - 10. Let r be q(8). Suppose i - r = 260. Is i/4 - (-7)/14 prime?
False
Let t(h) = -4*h**3 - 2*h**2 - 2. Let c be t(2). Let n = -7 - c. Is n a prime number?
False
Let h(w) = 2*w**3 - 8*w**2 - w + 6. Is h(7) composite?
False
Let g(t) = -t**3 - 18*t**2 + 48*t + 2. Is g(-23) prime?
True
Let l be 20/8*2/(-1). Let c be 4*6/15*l. Is (-117)/6*c/6 a composite number?
True
Let z be 2*(-1)/(6/1119). Let n = 622 + z. Is n prime?
False
Let a be -2 + 5*599/(-1). Is 6/21 - a/21 composite?
True
Let u(t) = 21*t**3 - 2*t**2 - 2*t - 1. Let c be u(3). Suppose 0 = 3*s - 6, 4*q + s + 1732 = c. Is (-1)/4 - q/8 prime?
True
Suppose 0 = -8*x + 4*x. Let b = 3 - x. Suppose 0 = 2*y - 3*k - 59, -y + b*k + 20 = -14. Is y a prime number?
False
Let a(f) = -231*f - 32. Is a(-9) composite?
True
Suppose 0 = 2*h - 3*h - 3*f + 4, -3*h + 2*f + 45 = 0. Let l = h + 8. Is l a prime number?
False
Let b be 9/(1 - -2) + 2. Suppose 2*i - 3*n + 7 = 0, 0 = -2*i - 3*i - n + 25. Let k = b + i. Is k a composite number?
True
Suppose 5*p - 23 = -2*r, -r - 3 = -5*p + 8. Let w(z) = -9 - 11*z + 0 + p. Is w(-5) prime?
False
Suppose 4*s - 1399 - 1293 = 0. Is s prime?
True
Suppose -2*z - 8 = -2. Let i(d) = -d**3 + 2*d**2 + 2. Is i(z) prime?
True
Let k be (9/15 - 1)*-905. Let t = k + -183. Is t a composite number?
False
Suppose -6*f = -486 - 276. Is f prime?
True
Let f(y) = 2*y**2 - 2*y - 1. Let g be f(2). Let k be (-174)/(-9)*g/2. Is 5*k*(-1)/(-1) a composite number?
True
Suppose 0 = 4*a - 3855 + 1067. Is a a prime number?
False
Let z = -2 - -4. Suppose 4*n = 4*x + 8, -x + z*n + 7 = 4*n. Is x/(-5) - (-392)/10 composite?
True
Let w = 3 - -1. Suppose 4*n + 2*x = -15 - 7, 29 = -3*n - w*x. Is (-45)/n*1 - 0 composite?
True
Let c be -1 - (-1*2 + -673). Suppose -5*h - 2325 = -5*r, -h + 3*h + r + 924 = 0. Let l = c + h. Is l a composite number?
False
Let h(a) = a**2 + a - 4. Let y be h(3). Let j be 1130/y - 4/16. Suppose -4*i = -j - 47. Is i a prime number?
True
Is 4035/6*(2 - 20/25) composite?
True
Suppose -93 = -d + 26. Is d composite?
True
Suppose 5*y = y - k + 2080, 0 = -3*y - 2*k + 1565. Suppose 0 = -5*o - 5*b + 1300, y = o + o + b. Is o a composite number?
True
Suppose 4*l - 4 = 4. Let p = l + -1. Is ((-22)/(-4))/(p/14) composite?
True
Let x(d) = -167*d - 13. Is x(-12) composite?
True
Suppose -4*y + 0 = -8. Let j be -1 - 1 - (1 + -5). Suppose -y*d + 56 = j*d. Is d prime?
False
Let m(a) = -a + 21 + 66 + 2*a. Is m(0) a composite number?
True
Suppose -7715 = -4*f - f. Is f composite?
False
Let a(y) = -y**3 + 9*y**2 + 11*y - 6. Let s be a(10). Suppose -2*r - s = -4*r. Suppose 5*p - 21 = j + 611, -p + r*j + 121 = 0. Is p composite?
False
Suppose 2*m + q = 665, -q = -5*m - 6*q + 1670. Is m a composite number?
False
Suppose 744 + 5850 = 6*t. Is t composite?
True
Let p(v) = v**3 + 8*v**2 + 7*v + 3. Let c be p(-7). Suppose -c*t + 0*t + 255 = 0. Let d = t - 48. Is d a prime number?
True
Let b = 128 - 69. Is b a composite number?
False
Let k(u) = -2*u**3 + 4*u**2 - 4*u - 5. Is k(-7) composite?
True
Suppose 381 = -3*o - 219. Is (-1)/3 - o/15 a prime number?
True
Suppose 0 = 4*f - 298 - 490. Let v = -48 + f. Is v composite?
False
Suppose -43 - 8 = -n. Suppose n + 217 = 4*u. Is u composite?
False
Le